47?
5511
What is the remainder when 147484 is divided by 2168?
60
What is the remainder when 300482 is divided by 60?
2
Calculate the remainder when 27605 is divided by 1092.
305
Calculate the remainder when 497645 is divided by 14.
1
Calculate the remainder when 1608615 is divided by 94.
87
What is the remainder when 2291732 is divided by 2249?
1
What is the remainder when 96963706 is divided by 17?
7
What is the remainder when 17052965 is divided by 246?
245
What is the remainder when 1091463 is divided by 272855?
43
What is the remainder when 601139 is divided by 190?
169
What is the remainder when 51080 is divided by 12752?
72
Calculate the remainder when 22363 is divided by 11177.
9
What is the remainder when 561107 is divided by 140162?
459
Calculate the remainder when 1490 is divided by 87.
11
Calculate the remainder when 169065431 is divided by 5.
1
Calculate the remainder when 43564 is divided by 5751.
3307
What is the remainder when 52041 is divided by 301?
269
What is the remainder when 546381 is divided by 79?
17
What is the remainder when 889430 is divided by 1791?
1094
What is the remainder when 204545 is divided by 2558?
2463
Calculate the remainder when 5624943 is divided by 21.
9
What is the remainder when 266195100 is divided by 43?
31
What is the remainder when 161113 is divided by 20072?
537
What is the remainder when 3836658 is divided by 5?
3
Calculate the remainder when 4703458 is divided by 87.
64
Calculate the remainder when 400912 is divided by 7860.
52
Calculate the remainder when 482184 is divided by 744.
72
Calculate the remainder when 1477407 is divided by 2049.
78
Calculate the remainder when 997071341 is divided by 4178.
4175
Calculate the remainder when 367721 is divided by 924.
893
What is the remainder when 365385 is divided by 20?
5
Calculate the remainder when 91781 is divided by 91485.
296
Calculate the remainder when 12698261 is divided by 5045.
5041
Calculate the remainder when 418097442 is divided by 386.
384
What is the remainder when 180910 is divided by 1145?
0
What is the remainder when 237886422 is divided by 75?
72
Calculate the remainder when 28701 is divided by 70.
1
What is the remainder when 403127 is divided by 26874?
17
What is the remainder when 29084 is divided by 6918?
1412
Calculate the remainder when 8773629 is divided by 128.
125
Calculate the remainder when 5791019 is divided by 59092.
3
What is the remainder when 3070229 is divided by 40?
29
What is the remainder when 86930 is divided by 3086?
522
What is the remainder when 5296287 is divided by 1124?
1123
What is the remainder when 1540725 is divided by 10202?
223
What is the remainder when 34874874 is divided by 717?
711
Calculate the remainder when 24468 is divided by 2126.
1082
Calculate the remainder when 32070388 is divided by 314.
312
Calculate the remainder when 486398 is divided by 81054.
74
Calculate the remainder when 621635 is divided by 1986.
17
What is the remainder when 185084 is divided by 24530?
13374
What is the remainder when 18670397 is divided by 320?
317
Calculate the remainder when 956990 is divided by 16217.
187
What is the remainder when 147304812 is divided by 1571?
1568
What is the remainder when 886573 is divided by 104?
77
Calculate the remainder when 23365138 is divided by 22.
16
What is the remainder when 69858909 is divided by 2208?
2205
What is the remainder when 367533 is divided by 367532?
1
What is the remainder when 405691 is divided by 6149?
6006
Calculate the remainder when 6122036 is divided by 529.
448
What is the remainder when 54761 is divided by 481?
408
What is the remainder when 482438 is divided by 201?
38
What is the remainder when 42511 is divided by 171?
103
Calculate the remainder when 70020411 is divided by 2156.
2155
Calculate the remainder when 4669783 is divided by 333550.
83
What is the remainder when 1429918 is divided by 142984?
78
Calculate the remainder when 58956428 is divided by 2841.
2837
What is the remainder when 6357809 is divided by 338?
29
Calculate the remainder when 1444144148 is divided by 9.
8
Calculate the remainder when 31929855 is divided by 2928.
15
Calculate the remainder when 1296071 is divided by 7406.
21
Calculate the remainder when 13412425 is divided by 219.
208
Calculate the remainder when 2021234 is divided by 109.
47
Calculate the remainder when 413098 is divided by 471.
31
Calculate the remainder when 1714835 is divided by 649.
177
Calculate the remainder when 2404239 is divided by 3176.
7
What is the remainder when 9204724 is divided by 187850?
74
Calculate the remainder when 11340 is divided by 5083.
1174
Calculate the remainder when 147577 is divided by 12823.
6524
What is the remainder when 2741561 is divided by 683?
682
Calculate the remainder when 3195933 is divided by 2624.
2525
What is the remainder when 660433 is divided by 67?
14
What is the remainder when 133949 is divided by 732?
725
What is the remainder when 1021730 is divided by 11633?
9659
What is the remainder when 8759757 is divided by 86?
55
What is the remainder when 55977060 is divided by 1655?
1650
Calculate the remainder when 430399 is divided by 35.
4
Calculate the remainder when 283202 is divided by 17.
16
What is the remainder when 14697342 is divided by 1717?
1539
Calculate the remainder when 2325058 is divided by 465007.
23
Calculate the remainder when 963388272 is divided by 17.
6
What is the remainder when 27679768 is divided by 643714?
66
What is the remainder when 456436 is divided by 156?
136
Calculate the remainder when 31578 is divided by 284.
54
What is the remainder when 3508686 is divided by 590?
546
Calculate the remainder when 3593406 is divided by 195.
141
Calculate the remainder when 2539751 is divided by 1275.
1226
What is the remainder when 162516 is divided by 1661?
1399
Calculate the remainder when 16595758 is divided by 1852.
1838
Calculate the remainder when 299658 is divided by 24855.
1398
What is the remainder when 97543 is divided by 5735?
48
Calculate the remainder when 224680 is divided by 58.
46
What is the remainder when 128208254 is divided by 296?
294
Calculate the remainder when 26026810 is divided by 396.
106
Calculate the remainder when 2199948 is divided by 543.
255
Calculate the remainder when 226860 is divided by 4123.
95
What is the remainder when 4604141 is divided by 589?
517
Calculate the remainder when 22861655 is divided by 24.
23
What is the remainder when 477580 is divided by 59695?
20
Calculate the remainder when 8583828 is divided by 160.
148
Calculate the remainder when 1202247 is divided by 18496.
7
Calculate the remainder when 41246467 is divided by 2058.
31
Calculate the remainder when 7231214 is divided by 31.
30
Calculate the remainder when 8463348 is divided by 29.
17
What is the remainder when 4324377 is divided by 291?
117
What is the remainder when 173330 is divided by 5241?
377
Calculate the remainder when 66876879 is divided by 63.
48
What is the remainder when 683281 is divided by 3092?
3041
What is the remainder when 11357 is divided by 80?
77
Calculate the remainder when 356929864 is divided by 5927.
5924
What is the remainder when 191181 is divided by 5968?
205
What is the remainder when 60152727 is divided by 92?
91
What is the remainder when 2351610 is divided by 3062?
3056
What is the remainder when 265263 is divided by 88399?
66
What is the remainder when 32912648 is divided by 32?
8
Calculate the remainder when 1112442 is divided by 74158.
72
What is the remainder when 16928564 is divided by 846428?
4
Calculate the remainder when 48181752 is divided by 802.
800
Calculate the remainder when 202462 is divided by 48606.
8038
Calculate the remainder when 4294495 is divided by 2348.
3
Calculate the remainder when 407080 is divided by 141.
13
What is the remainder when 3533957 is divided by 6?
5
Calculate the remainder when 37263 is divided by 36099.
1164
What is the remainder when 68709 is divided by 781?
762
What is the remainder when 155899 is divided by 77946?
7
What is the remainder when 108615 is divided by 8952?
1191
Calculate the remainder when 66113 is divided by 21.
5
What is the remainder when 927536 is divided by 4938?
4130
Calculate the remainder when 351578 is divided by 87681.
854
Calculate th